divide 114950?
True
Does 51 divide 598536?
True
Is 643680 a multiple of 60?
True
Is 20 a factor of 59775?
False
Is 958908 a multiple of 132?
False
Does 577 divide 4170035?
False
Does 119 divide 27545?
False
Does 607 divide 4891206?
True
Is 6944211 a multiple of 1222?
False
Is 1174153 a multiple of 43?
False
Is 484146 a multiple of 26?
True
Is 8 a factor of 890064?
True
Does 240 divide 789626?
False
Does 115 divide 61870?
True
Is 2413966 a multiple of 2?
True
Is 617 a factor of 26753?
False
Is 29 a factor of 1075929?
True
Is 171465 a multiple of 23?
True
Is 240 a factor of 519600?
True
Does 2 divide 4120?
True
Is 7 a factor of 5552019?
False
Does 4 divide 58408?
True
Is 1098258 a multiple of 42?
True
Does 58 divide 151937?
False
Is 5237940 a multiple of 31?
False
Does 67 divide 40535?
True
Is 1202784 a multiple of 12?
True
Is 5037622 a multiple of 254?
False
Is 281 a factor of 4988?
False
Is 398 a factor of 220035?
False
Is 118 a factor of 2498780?
False
Is 3849412 a multiple of 476?
True
Is 2702252 a multiple of 28?
True
Is 470047 even?
False
Is 520756 a multiple of 404?
True
Is 6131728 a multiple of 409?
True
Is 898717 a multiple of 6?
False
Is 28 a factor of 201554?
False
Is 66 a factor of 9252408?
True
Is 626 a factor of 6152653?
False
Is 1767557 a multiple of 661?
False
Is 2567400 a multiple of 778?
True
Does 38 divide 158004?
True
Is 4153591 a multiple of 9?
False
Is 9893010 a multiple of 58?
False
Does 20 divide 875580?
True
Is 338 a factor of 107146?
True
Does 142 divide 588164?
True
Is 2160 a multiple of 4?
True
Is 226 a factor of 631444?
True
Is 24 a factor of 2482512?
True
Is 7 a factor of 44660?
True
Is 174 a factor of 741594?
False
Is 758964 a multiple of 12?
True
Is 370872 a multiple of 34?
True
Is 3325364 a multiple of 14?
True
Is 341 a factor of 2906002?
True
Is 648824 a multiple of 298?
False
Is 6 a factor of 2740107?
False
Is 3051600 a multiple of 5?
True
Is 38 a factor of 81054?
True
Does 72 divide 135174?
False
Is 2204 a multiple of 31?
False
Does 2 divide 194889?
False
Does 7 divide 664?
False
Is 983 a factor of 1997456?
True
Is 381300 a multiple of 410?
True
Is 66 a factor of 2095199?
False
Is 36 a factor of 11766?
False
Is 81293 a multiple of 4?
False
Is 67524 a multiple of 100?
False
Is 77196 a multiple of 21?
True
Is 1610 a factor of 13574860?
False
Does 20 divide 625706?
False
Is 119179 a multiple of 15?
False
Is 27 a factor of 3225852?
True
Is 24 a factor of 4443288?
True
Is 359794 a multiple of 43?
False
Is 25 a factor of 1123075?
True
Is 1016010 a multiple of 954?
True
Does 26 divide 190014?
False
Does 216 divide 932256?
True
Is 24 a factor of 45048?
True
Does 75 divide 30045?
False
Is 1684611 a multiple of 25?
False
Is 35 a factor of 72835?
True
Is 12 a factor of 139740?
True
Is 104 a factor of 240552?
True
Is 167591 a multiple of 29?
True
Does 311 divide 2598829?
False
Is 951204 a multiple of 12?
True
Does 1239 divide 3749214?
True
Is 586099 a multiple of 367?
True
Is 3825625 a multiple of 1195?
False
Is 103 a factor of 121926?
False
Is 239 a factor of 1239454?
True
Is 60489 a multiple of 39?
True
Is 5 a factor of 57235?
True
Is 370 a factor of 315610?
True
Does 6 divide 1343950?
False
Is 280 a factor of 698252?
False
Is 169 a factor of 1088434?
False
Is 29 a factor of 3576?
False
Does 372 divide 912278?
False
Is 13 a factor of 53989?
True
Is 8112 a multiple of 12?
True
Is 66 a factor of 24486?
True
Is 210003 a multiple of 20?
False
Does 782 divide 376909?
False
Does 230 divide 106680?
False
Does 527 divide 382602?
True
Does 797 divide 1519653?
False
Is 23 a factor of 86255?
False
Does 3 divide 21285?
True
Is 24102 a multiple of 18?
True
Is 13333077 a multiple of 590?
False
Does 54 divide 10476?
True
Is 5 a factor of 203560?
True
Is 578312 a multiple of 46?
True
Does 216 divide 4240248?
False
Is 51 a factor of 298095?
True
Does 96 divide 567264?
True
Is 13205896 a multiple of 44?
True
Does 7 divide 122633?
True
Is 362 a factor of 705900?
True
Does 9 divide 3103128?
True
Is 10077788 a multiple of 689?
False
Is 22 a factor of 85734?
True
Is 5 a factor of 5015851?
False
Is 78 a factor of 438438?
True
Does 56 divide 173586?
False
Is 224 a factor of 75488?
True
Does 19 divide 201856?
True
Does 15 divide 268320?
True
Is 235378 a multiple of 13?
True
Is 71603 a multiple of 173?
False
Is 223762 a multiple of 77?
True
Does 128 divide 3405726?
False
Is 19 a factor of 5317353?
False
Is 4 a factor of 19852?
True
Is 2919781 a multiple of 47?
True
Is 21 a factor of 1137864?
True
Is 30 a factor of 1290210?
True
Is 4322176 a multiple of 21?
False
Is 7149 a multiple of 3?
True
Does 5 divide 258840?
True
Does 23 divide 5039?
False
Is 488 a factor of 597312?
True
Is 7743764 a multiple of 196?
True
Does 22 divide 4711828?
True
Does 77 divide 1684683?
True
Is 110 a factor of 1685420?
True
Does 43 divide 2038823?
False
Does 10 divide 355477?
False
Is 334 a factor of 3075472?
True
Is 398 a factor of 37749?
False
Does 1285 divide 5597763?
False
Is 2506647 a multiple of 11?
True
Is 12 a factor of 280620?
True
Is 30 a factor of 1156575?
False
Is 4 a factor of 214971?
False
Is 11 a factor of 2343734?
False
Is 3 a factor of 144282?
True
Does 7 divide 1092?
True
Is 1696507 a multiple of 18?
False
Does 152 divide 13873356?
False
Does 41 divide 63054?
False
Is 106 a factor of 4029599?
False
Does 29 divide 551706?
False
Does 14 divide 1181947?
False
Does 6 divide 37308?
True
Does 1748 divide 14387788?
True
Is 862156 a multiple of 97?
False
Is 31 a factor of 2419081?
False
Is 10554518 a multiple of 17?
True
Is 206611 a multiple of 399?
False
Is 2195647 a multiple of 17?
False
Does 13 divide 12950431?
True
Does 16 divide 138976?
True
Is 4568528 a multiple of 661?
False
Is 1858545 a multiple of 15?
True
Does 1682 divide 14883504?
False
Is 6689995 a multiple of 11?
False
Is 181392 a multiple of 15?
False
Is 7782700 a multiple of 50?
True
Is 11 a factor of 4997940?
False
Is 6 a factor of 529524?
True
Does 16 divide 685056?
True
Does 176 divide 1793440?
True
Does 64 divide 227893?
False
Is 113373 a multiple of 21?
False
Is 310 a factor of 947980?
True
Does 17 divide 736233?
False
Does 55 divide 671055?
True
Is 220275 a multiple of 3?
True
Is 71511 a multiple of 72?
False
Is 148 a factor of 256356?
False
Is 94 a factor of 33464?
True
Is 3528360 a multiple of 284?
False
Is 96783 a multiple of 62?
False
Is 597 a factor of 635324?
False
Does 411 divide 2175800?
False
Is 35 a factor of 435771?
False
Is 16 a factor of 705?
False
Does 162 divide 77094?
False
Does 14 divide 189868?
True
Does 11 divide 274792?
False
Is 17 a factor of 6235931?
False
Is 5438730 a multiple of 11?
True
Does 80 divide 87920?
True
Is 197776 a multiple of 16?
True
Is 427 a factor of 1015444?
False
Is 2265010 a multiple of 110?
True
Is 711379 a multiple of 9?
False
Is 20 a factor of 1303700?
True
Does 357 divide 948141?
False
Does 33 divide 27244?
False
Does 124 divide 14220875?
False
Does 47 divide 140299?
False
Is 213 a factor of 1173242?
False
Is 78 a factor of 713149?
False
Is 144338 a multiple of 428?
False
Is 120 a factor of 672000?
True
Is 76 a factor of 448952?
False
Does 102 divide 3950562?
True
Is 48 a factor of 10076579?
False
Is 195647 a multiple of 680?
False
Is 9624804 a multiple of 36?
False
Is 57 a factor of 552501?
True
Is 16947 a multiple of 4?
False
Is 734717 even?
False
Is 104 a factor of 5551520?
True
Is 55 a factor of 128482?
False
Does 102 divide 627552?
False
Is 2102556 a multiple of 996?
True
Is 16 a factor of 1013568?
True
Is 3268745 a multiple of 18?
False
Does 3 divide 4970?
False
Is 468156 a multiple of 78?
True
Is 96 a factor of 4946010?
False
Is 40 a factor of 16238301?
False
Is 240 a factor of 281117?
False
Is 38678 a multiple of 8?
False
Is 17 a factor of 1042865?
True
Is 7 a factor of 265531?
True
Does 393 divide 1470605?
False
Is 988680 a multiple of 535?
True
Is 36525242 a multiple of 1047?
False
Is 342 a factor of 838556?
False
Is 4272600 a multiple of 200?
True
Is 147784 a multiple of 182?
True
Is 14006 a multiple of 7?
False
Does 31 divide 32550?
True
Does 15 divide 3495?
True
Does 7 divide 51432?
False
Is 1107 a factor of 20235960?
True
Is 524 a factor of 323103?
False
Is 23400 a multiple of 225?
True
Is 1713816 a multiple of 18?
True
Is 18